 -27*s = -35*s + 96. Let h = s - -242. Let m = h + -131. What is the units digit of m?
3
Let s(b) be the third derivative of -b**5/60 + 77*b**4/24 - 17*b**3/2 + 6*b**2 + 9. What is the hundreds digit of s(33)?
4
Suppose 4*m - 105 = 3*b - 1079, -4*b + 4*m = -1304. What is the tens digit of (b + -1)*15/(840/16)?
9
Let k(w) = -20*w + 701. What is the tens digit of k(10)?
0
Let v be 116364/27 + 60/270. Suppose -2*k - 3*s + 2150 = 0, -11*k - s + v = -7*k. What is the units digit of k?
8
Let q = -33 + 8. Let w = q - -27. Suppose 0*v - 2*b - 94 = -3*v, -w*b = 5*v - 146. What is the tens digit of v?
3
Let a be -2 - 0 - -419 - -2. Suppose 5*s = 231 + a. What is the units digit of s?
0
Let r(v) = 2*v**2 - v + 34. Let h be r(0). Let p(y) = -2*y**3 + 66*y**2 + 74*y + 14. What is the units digit of p(h)?
8
Let p(b) = -b**3 - 2*b**2 - 3*b - 9. Let k be p(-4). Let y be 10/k - 52/(-14). Suppose -251 = -3*v + y*n, -v + 5*v - 320 = -2*n. What is the units digit of v?
1
Suppose 2 = -m + 77. Suppose -s = -3*b - 185, 3*s = b - 0*b + m. What is the units digit of 6/45 + (-2272)/b?
8
Suppose -1218 = 2*p - 16*p. Let i = -83 + p. Suppose i*l = 7*l - 492. What is the tens digit of l?
6
Suppose 3*a - 5156 - 8668 = -3*q, 4*a = 4*q + 18392. What is the tens digit of a?
0
Let k(b) = 6 - 38*b + 4 + b**3 + 22*b. What is the tens digit of k(4)?
1
What is the thousands digit of 137/1*82/(-82)*-327?
4
Suppose 163*y - 320*y + 177*y = 355440. What is the units digit of y?
2
Let f(c) = c**3 - 13*c**2 + 17*c - 63. Let b be f(11). What is the tens digit of 7 - (b - (3 - 0))?
2
Let u be (-43)/(1 + -3 + (2 - 1)). Suppose u*k = 49*k - 984. What is the units digit of k?
4
Let k = 329 + 138. Let t = k + -279. What is the tens digit of t?
8
Let t = -592 - -1531. Suppose p + p + 6 = 0, -3*h = 4*p - t. What is the units digit of h?
7
Let s(u) = 295*u + 1982. What is the ten thousands digit of s(29)?
1
Suppose -5*z = -208 - 122. Let r be z/14 - (200/35 - 6). Suppose -4*t - 2*o = t - 1365, 0 = r*t - 2*o - 1345. What is the units digit of t?
1
Let u be ((-8)/(120/(-95)))/(2/102). Let f be (1 + (-5)/3)/(4/(-102)). Suppose u = 10*z - f. What is the units digit of z?
4
Suppose 11*g - 63072 = 142650. What is the units digit of g?
2
Suppose 0 = -135*y - 4803984 + 14369814. What is the tens digit of y?
5
Let d = 14732 - 9101. What is the tens digit of d?
3
Let r be 27/(-9) + (-1382)/(-2). Let j = r + -387. What is the tens digit of j?
0
Let y be 45/(-6)*((-144)/27 + 2). What is the hundreds digit of (4/(-20))/(5/y) + 540?
5
Let t(b) = -b**2 + 3*b + 1. Let i be t(2). Let y(z) = -z - 2. Let n be y(-8). Suppose -n*j = -i*j - 144. What is the units digit of j?
8
Let u be (-2 - -6) + 6/3. Suppose -3*y + x = u*x - 427, -685 = -5*y - 3*x. What is the hundreds digit of y?
1
Let t(o) = o**3 + 11*o**2 + 29*o + 13. Let r be t(-7). Suppose 198 = r*h - 606. What is the units digit of h?
4
Suppose -2*r = -5*p + 2060, r + 2*r - 2060 = -5*p. Let d = p + -229. What is the units digit of d - (2 - (-5 - -3))?
9
Let r(o) = 6888*o**3 - 8*o**2 - 4*o + 3. What is the hundreds digit of r(1)?
8
Suppose 788574 + 349009 = 29*m. What is the units digit of m?
7
Let o(f) = -f**3 - 2*f**2 + 29. Let v be o(0). Suppose -v*m + 33*m - 2236 = 0. What is the hundreds digit of m?
5
Suppose -243*u - 3355 = -238*u. Let x = 15 - u. What is the hundreds digit of x?
6
Let a(p) be the second derivative of 29*p**3/3 - 123*p**2/2 + 36*p. What is the hundreds digit of a(10)?
4
Suppose 66*n - 159006 = 333486. What is the units digit of n?
2
Let h be ((-15)/210*-14)/(1 + -2). Let w(v) = 1396*v**2 - 18*v + 1. What is the units digit of w(h)?
5
Let a(u) = 103*u**3 - u**2 - 14*u + 132. What is the hundreds digit of a(5)?
9
Let j(q) = 5*q - 11. Let w be j(8). Let h = 56 - w. Suppose -h*c = -29*c + 4. What is the units digit of c?
2
Suppose 0 = m - 5 + 6, -5*p - 4*m - 64 = 0. Let v(k) = 7*k**2 + 19*k + 21. What is the tens digit of v(p)?
0
Let f(w) = 43*w**2 - 476*w - 17. What is the hundreds digit of f(-13)?
4
Let w(j) = 453*j**2 + 71*j + 757. What is the tens digit of w(-9)?
1
Let v(q) = -207*q**2 - 12*q + 12. Let y be v(1). Let u = -179 - y. What is the units digit of u?
8
Let f be 4/18 - 129/(-27). Suppose 2*r = 2*n - 142, -3*r + 348 = f*n - 7. What is the tens digit of n?
7
Let w be (2358/(-5))/(-3)*145. Suppose w = 30*m + 6234. What is the hundreds digit of m?
5
Let n(w) = w - 2 - 2*w**3 - 31*w**2 + 5 + w + 24*w**2. Let p be n(-8). Suppose -4*v + 4*g + 41 = -407, 5*v - 4*g = p. What is the tens digit of v?
1
Suppose 8*k + 33292 = 9*k + j, 8*j - 66626 = -2*k. What is the ten thousands digit of k?
3
Suppose 5*v = -d + 7, -3*v - 2*d - 5 + 12 = 0. What is the tens digit of (v/(-2))/((-26)/4524)?
8
Suppose -2*a - 2*f + 104 = 2*a, -3*f + 36 = a. Suppose -5*h - 4*c + 3 = 9, 4*c + a = 4*h. Suppose -4*k + 96 = h*k. What is the units digit of k?
6
Let t(k) = -k**3 - 15*k**2 + 2*k - 9. Let d be t(-15). Let m = d - -61. What is the tens digit of m?
2
Let a(i) = i**3 + 18*i**2 - 3*i + 5. Let k be a(-18). Let w = k - -25. What is the units digit of w?
4
Let c be 56/44 - 33/121. Let t(x) = 8*x**2 - 2*x - 1. Let d be t(-1). What is the tens digit of 15/10*(867/d + c)?
4
What is the thousands digit of (8/(-60) - (-79978)/(-15))*-2?
0
Let k(y) = y**3 + 67*y**2 - 31*y - 13. What is the ten thousands digit of k(-33)?
3
Let v = -22 - -24. Suppose 2*t = -3*l + 273, -2*t = 3*l + v*l - 451. Suppose 0 = -6*h - l + 569. What is the units digit of h?
0
Let y(r) be the third derivative of 713*r**4/24 - 7*r**3/2 - r**2 - 117*r. What is the units digit of y(1)?
2
Let k = -11822 - -20208. What is the hundreds digit of k?
3
Let g be ((-3)/(-9))/(19/51756). Let v = g + 60. What is the tens digit of v?
6
Let s(d) be the second derivative of 15*d + 0 - 1/3*d**3 + 3/2*d**2. What is the units digit of s(-1)?
5
Let k(m) = 8*m - 22. Let r be k(3). Suppose -r*q = 0, 3*i - q = -0*q + 522. Suppose i = 2*o - 74. What is the units digit of o?
4
Suppose 41*k + 30 = 47*k. Let j(p) = 2*p**3 + 3*p**2 + 2*p - 15. What is the tens digit of j(k)?
2
Suppose -40*d + 6800 = -38*d - 2*y, 0 = d + 5*y - 3406. What is the thousands digit of d?
3
Let c = 28 + 616. Let m(y) = -3*y - 81. Let s be m(-26). What is the tens digit of (s/2)/((-7)/c)?
3
Let d be (-2 - 6) + (2 - -2). Let x(o) be the third derivative of -37*o**4/24 + o**3/6 - 14*o**2. What is the hundreds digit of x(d)?
1
Suppose 12*a = 469 + 3647. Suppose -3*g - 15 = 0, o - 16 = -g + 61. Suppose -4*h = -x - a, -2*h = -h + x - o. What is the tens digit of h?
8
Suppose 2*d - v = -590, 2*d - v - 3*v + 590 = 0. Let y = 428 + d. What is the hundreds digit of y?
1
Suppose -652*v + 21372703 = 6914772 - 6606233. What is the hundreds digit of v?
3
Let l be -12 + 8 + -4 - -3. Let n(k) = 3*k**2 + 13*k + 1. Let c be n(l). Suppose 8*r = c*r - 87. What is the units digit of r?
9
Let p(l) = 62*l + 1. Let o be p(1). Suppose -69*a + 55*a - 588 = 0. What is the units digit of ((-84)/o)/(8/a)?
7
Let f(s) = -s**3 - 3*s**2 + 72. Let k = -52 - -53. Let p be -1 + 6 + -7 + k + 1. What is the units digit of f(p)?
2
Suppose -46131*u - 310615 = -46154*u. What is the units digit of u?
5
Let j(b) = 36*b**3 + 28*b**2 - 97*b + 1277. What is the units digit of j(13)?
0
Suppose -10*c - 72723 = -31*c. What is the units digit of c?
3
Suppose 4*a + 5*q = 38158, -2*a + 1137 = 3*q - 17945. What is the units digit of a?
2
Suppose -2*c + 4*c = 8. Suppose -4*s + 3*s + 173 = 3*h, -5*h - 5*s = -295. Suppose -5*d + 137 = 2*u, -c*d = 3*u - h - 152. What is the units digit of u?
1
Let w(h) = -h + 20. Let r be w(15). Suppose r*s + 212 + 198 = 0. What is the tens digit of 16/(-40) - s/5?
1
What is the units digit of (-94411)/(-11) + 2/11?
3
Let t = 20907 + -8732. What is the thousands digit of t?
2
What is the hundreds digit of -2 + 44/28 - 904852/(-91)?
9
Suppose 2*d + 6 = 5*d. Suppose k = -d, 0*y - 2*k = 5*y - 2491. What is the tens digit of y?
9
Let f(q) = 248*q + 233. What is the tens digit of f(29)?
2
Let p(a) = -46*a + 13139. What is the hundreds digit of p(0)?
1
Let w(q) = 89*q**2 - 74*q + 3340. What is the units digit of w(25)?
5
Let d = -21644 - -31595. What is the units digit of d?
1
Suppose 0*n - 17*n + 90015 = 0. Suppose -3*c = -468 - n. What is the thousands digit of c?
1
Let